ainder when 106930 is divided by 169?
122
What is the remainder when 450329 is divided by 797?
24
What is the remainder when 5370740 is divided by 904?
76
Calculate the remainder when 1500764 is divided by 300151.
9
Calculate the remainder when 29064296 is divided by 244.
236
What is the remainder when 50135200 is divided by 27699?
10
Calculate the remainder when 9968509 is divided by 3314.
3311
Calculate the remainder when 10957509 is divided by 13.
4
Calculate the remainder when 362182 is divided by 361273.
909
Calculate the remainder when 1607112 is divided by 175.
87
What is the remainder when 3805729 is divided by 41?
27
What is the remainder when 341784 is divided by 294?
156
Calculate the remainder when 573844 is divided by 23892.
436
Calculate the remainder when 60904888 is divided by 29.
16
Calculate the remainder when 15200762 is divided by 1266730.
2
What is the remainder when 10587912 is divided by 622818?
6
What is the remainder when 3307198 is divided by 1950?
1948
Calculate the remainder when 129354 is divided by 5976.
3858
What is the remainder when 170640 is divided by 384?
144
What is the remainder when 92812 is divided by 1583?
998
What is the remainder when 6745185 is divided by 600?
585
What is the remainder when 1596965 is divided by 35488?
5
Calculate the remainder when 7645095 is divided by 3596.
3595
Calculate the remainder when 2617491 is divided by 436237.
69
Calculate the remainder when 1594554 is divided by 2862.
420
Calculate the remainder when 22258179 is divided by 3709693.
21
Calculate the remainder when 8561 is divided by 306.
299
Calculate the remainder when 949412 is divided by 949046.
366
Calculate the remainder when 67071356 is divided by 480.
476
Calculate the remainder when 30890495 is divided by 7722618.
23
What is the remainder when 1811 is divided by 101?
94
Calculate the remainder when 4927269 is divided by 37902.
9
Calculate the remainder when 2541588 is divided by 1270756.
76
Calculate the remainder when 172255019 is divided by 2137.
2134
What is the remainder when 41358754 is divided by 171?
10
Calculate the remainder when 40263742 is divided by 20131867.
8
What is the remainder when 19842278 is divided by 15912?
14
What is the remainder when 19830608 is divided by 38?
4
Calculate the remainder when 5514307 is divided by 689272.
131
What is the remainder when 21354 is divided by 6157?
2883
What is the remainder when 188923 is divided by 8587?
9
Calculate the remainder when 106732 is divided by 8930.
8502
What is the remainder when 122473 is divided by 1843?
835
What is the remainder when 6239947 is divided by 136?
131
Calculate the remainder when 631685 is divided by 2731.
824
What is the remainder when 3199856 is divided by 114280?
16
Calculate the remainder when 63056 is divided by 15497.
1068
Calculate the remainder when 3277398 is divided by 1543.
66
What is the remainder when 146140 is divided by 172?
112
What is the remainder when 572596 is divided by 38163?
151
What is the remainder when 33051888 is divided by 127?
11
Calculate the remainder when 58710 is divided by 890.
860
Calculate the remainder when 793912 is divided by 6670.
182
Calculate the remainder when 107928 is divided by 5018.
2550
What is the remainder when 1083845 is divided by 63752?
61
Calculate the remainder when 291201871 is divided by 446.
443
What is the remainder when 4773728 is divided by 1694?
36
What is the remainder when 354591 is divided by 353634?
957
Calculate the remainder when 107963222 is divided by 3481.
7
What is the remainder when 22245 is divided by 21025?
1220
Calculate the remainder when 72291 is divided by 13425.
5166
What is the remainder when 64465 is divided by 225?
115
What is the remainder when 538235 is divided by 2271?
8
Calculate the remainder when 125243341 is divided by 752.
749
What is the remainder when 100142068 is divided by 39256?
12
Calculate the remainder when 3364727 is divided by 3364715.
12
What is the remainder when 61050491 is divided by 80?
11
Calculate the remainder when 826072607 is divided by 67.
60
What is the remainder when 2709220 is divided by 10150?
9320
Calculate the remainder when 2296 is divided by 1582.
714
What is the remainder when 13025795 is divided by 4341931?
2
What is the remainder when 1402100 is divided by 66?
62
What is the remainder when 52751 is divided by 9066?
7421
What is the remainder when 131475 is divided by 3471?
3048
What is the remainder when 3602593 is divided by 2413?
2397
Calculate the remainder when 5317470 is divided by 161.
123
What is the remainder when 5198494 is divided by 729?
724
What is the remainder when 33807154 is divided by 703?
587
What is the remainder when 26807480 is divided by 87?
83
Calculate the remainder when 1787281 is divided by 494.
483
What is the remainder when 298944 is divided by 298317?
627
What is the remainder when 396465 is divided by 2120?
25
What is the remainder when 6786881 is divided by 35?
31
What is the remainder when 1323084 is divided by 1716?
48
Calculate the remainder when 2575359 is divided by 1189.
1174
Calculate the remainder when 239429396 is divided by 1227843.
11
Calculate the remainder when 278878 is divided by 15491.
40
What is the remainder when 61526 is divided by 8779?
73
Calculate the remainder when 503678 is divided by 5664.
5246
Calculate the remainder when 257298 is divided by 69.
66
Calculate the remainder when 955981 is divided by 3768.
2677
Calculate the remainder when 8508310 is divided by 850826.
50
What is the remainder when 317609 is divided by 863?
25
What is the remainder when 978098 is divided by 488250?
1598
Calculate the remainder when 141122986 is divided by 61.
35
Calculate the remainder when 15804359 is divided by 2456.
2455
Calculate the remainder when 1057151 is divided by 107.
98
What is the remainder when 31269 is divided by 3313?
1452
Calculate the remainder when 230721 is divided by 2258.
405
What is the remainder when 10194712 is divided by 6801?
13
Calculate the remainder when 8181001 is divided by 1168712.
17
What is the remainder when 807978 is divided by 27857?
125
Calculate the remainder when 2997827 is divided by 22.
19
Calculate the remainder when 201364351 is divided by 896.
895
Calculate the remainder when 10553293 is divided by 1163.
231
Calculate the remainder when 1382663 is divided by 460886.
5
What is the remainder when 49849382 is divided by 142?
140
What is the remainder when 814902 is divided by 162949?
157
Calculate the remainder when 95956 is divided by 8595.
1411
What is the remainder when 9596431 is divided by 9596419?
12
Calculate the remainder when 55114926 is divided by 10.
6
Calculate the remainder when 1268623 is divided by 1275.
1273
Calculate the remainder when 2714339 is divided by 6084.
875
Calculate the remainder when 1012033 is divided by 6247.
19
What is the remainder when 3535594 is divided by 252541?
20
Calculate the remainder when 150916 is divided by 14.
10
What is the remainder when 745463 is divided by 330?
323
Calculate the remainder when 10202429 is divided by 23.
20
What is the remainder when 7224 is divided by 7098?
126
Calculate the remainder when 6082680 is divided by 675846.
66
What is the remainder when 4402263 is divided by 35?
33
Calculate the remainder when 293230 is divided by 232.
214
Calculate the remainder when 69726 is divided by 543.
222
Calculate the remainder when 172885 is divided by 10166.
63
What is the remainder when 16327206 is divided by 37?
31
Calculate the remainder when 17587 is divided by 783.
361
What is the remainder when 38784 is divided by 164?
80
What is the remainder when 1828361 is divided by 91418?
1
Calculate the remainder when 57952 is divided by 37.
10
Calculate the remainder when 2241742 is divided by 26.
22
What is the remainder when 9951931 is divided by 3797?
3791
What is the remainder when 5062834 is divided by 2603?
2602
Calculate the remainder when 1783625 is divided by 445853.
213
What is the remainder when 61497 is divided by 997?
680
Calculate the remainder when 2582611 is divided by 2783.
2770
What is the remainder when 550424 is divided by 2602?
1402
Calculate the remainder when 1539970 is divided by 37.
30
What is the remainder when 92953907 is divided by 3170?
3167
Calcu